{"id":5073,"date":"2024-01-24T14:31:32","date_gmt":"2024-01-24T19:31:32","guid":{"rendered":"https:\/\/cpas.scfp.qc.ca\/?page_id=5073"},"modified":"2024-02-21T15:58:06","modified_gmt":"2024-02-21T20:58:06","slug":"politique-daccessibilite","status":"publish","type":"page","link":"https:\/\/cpas.scfp.qc.ca\/?page_id=5073","title":{"rendered":"Politique d&rsquo;accessibilit\u00e9"},"content":{"rendered":"\t\t<div data-elementor-type=\"wp-page\" data-elementor-id=\"5073\" class=\"elementor elementor-5073\" data-elementor-settings=\"{&quot;ha_cmc_init_switcher&quot;:&quot;no&quot;}\" data-elementor-post-type=\"page\">\n\t\t\t\t<div class=\"elementor-element elementor-element-443979d e-flex e-con-boxed wpr-particle-no wpr-jarallax-no wpr-parallax-no wpr-sticky-section-no wpr-equal-height-no e-con e-parent\" data-id=\"443979d\" data-element_type=\"container\" data-e-type=\"container\" data-settings=\"{&quot;background_background&quot;:&quot;classic&quot;,&quot;_ha_eqh_enable&quot;:false}\">\n\t\t\t\t\t<div class=\"e-con-inner\">\n\t\t\t\t<div class=\"elementor-element elementor-element-6c1f2e6 elementor-widget elementor-widget-heading\" data-id=\"6c1f2e6\" data-element_type=\"widget\" data-e-type=\"widget\" data-widget_type=\"heading.default\">\n\t\t\t\t<div class=\"elementor-widget-container\">\n\t\t\t\t\t<h2 class=\"elementor-heading-title elementor-size-default\">Politique d'accessibilit\u00e9<\/h2>\t\t\t\t<\/div>\n\t\t\t\t<\/div>\n\t\t\t\t\t<\/div>\n\t\t\t\t<\/div>\n\t\t<div class=\"elementor-element elementor-element-8f695cb e-flex e-con-boxed wpr-particle-no wpr-jarallax-no wpr-parallax-no wpr-sticky-section-no wpr-equal-height-no e-con e-parent\" data-id=\"8f695cb\" data-element_type=\"container\" data-e-type=\"container\" data-settings=\"{&quot;_ha_eqh_enable&quot;:false}\">\n\t\t\t\t\t<div class=\"e-con-inner\">\n\t\t\t\t<div class=\"elementor-element elementor-element-d47561e elementor-widget elementor-widget-text-editor\" data-id=\"d47561e\" data-element_type=\"widget\" data-e-type=\"widget\" data-widget_type=\"text-editor.default\">\n\t\t\t\t<div class=\"elementor-widget-container\">\n\t\t\t\t\t\t\t\t\t<p>Notre site web a \u00e9t\u00e9 con\u00e7u et d\u00e9velopp\u00e9 en tenant compte du\u00a0<a href=\"https:\/\/cdn-contenu.quebec.ca\/cdn-contenu\/adm\/min\/cybersecurite_numerique\/Standard_sur_l_accessibilite\/standard-access-web.pdf\" target=\"_blank\" rel=\"noreferrer noopener\">Standard du gouvernement du Qu\u00e9bec sur les ressources informationnelles relatif \u00e0 l\u2019accessibilit\u00e9 d\u2019un site web<\/a>, connu sous l\u2019acronyme SGQRI 008-01.<\/p><p>Il devrait fonctionner dans n\u2019importe quel navigateur, et avec n\u2019importe quel appareil capable d\u2019afficher les contenus d\u2019une page web, y compris une plage braille, une tablette \u00e9lectronique ou un t\u00e9l\u00e9phone multifonction.<\/p><p>On peut l\u2019utiliser \u00e0 la souris, au clavier, par commande vocale ou depuis un \u00e9cran tactile. Il est extensible depuis la fonction d\u2019agrandissement int\u00e9gr\u00e9e aux principaux navigateurs grand public, et son contenu s\u2019adapte \u00e0 la taille de l\u2019\u00e9cran de l\u2019appareil utilis\u00e9.<\/p><p>Afin de s\u2019assurer de son bon fonctionnement avec les outils d\u2019adaptation informatiques, des tests ont \u00e9t\u00e9 effectu\u00e9s avec le logiciel de revue d\u2019\u00e9cran libre et gratuit <a href=\"https:\/\/www.nvaccess.org\/download\/\">NVDA 2023.3.2<\/a>.<\/p><p>Si vous rencontrez des difficult\u00e9s \u00e0 percevoir, comprendre, utiliser ou interagir avec les contenus de notre site, n\u2019h\u00e9sitez pas \u00e0 communiquer avec nous en composant le 514-384-9681, poste 2286, ou en nous \u00e9crivant \u00e0 infocpas@cpas.scfp.qc.ca.<\/p>\t\t\t\t\t\t\t\t<\/div>\n\t\t\t\t<\/div>\n\t\t\t\t\t<\/div>\n\t\t\t\t<\/div>\n\t\t\t\t<\/div>\n\t\t","protected":false},"excerpt":{"rendered":"<p>Politique d&rsquo;accessibilit\u00e9 Notre site web a \u00e9t\u00e9 con\u00e7u et d\u00e9velopp\u00e9 en tenant compte du\u00a0Standard du gouvernement du Qu\u00e9bec sur les ressources informationnelles relatif \u00e0 l\u2019accessibilit\u00e9 d\u2019un site web, connu sous l\u2019acronyme SGQRI 008-01. Il devrait fonctionner dans n\u2019importe quel navigateur, et avec n\u2019importe quel appareil capable d\u2019afficher les contenus d\u2019une page web, y compris une plage braille, une tablette \u00e9lectronique ou un t\u00e9l\u00e9phone multifonction. On peut l\u2019utiliser \u00e0 la souris, au clavier, par commande vocale ou depuis un \u00e9cran tactile. Il est extensible depuis la fonction d\u2019agrandissement int\u00e9gr\u00e9e aux principaux navigateurs grand public, et son contenu s\u2019adapte \u00e0 la taille de l\u2019\u00e9cran de l\u2019appareil utilis\u00e9. Afin de s\u2019assurer de son bon fonctionnement avec les outils d\u2019adaptation informatiques, des tests ont \u00e9t\u00e9 effectu\u00e9s avec le logiciel de revue d\u2019\u00e9cran libre et gratuit NVDA 2023.3.2. Si vous rencontrez des difficult\u00e9s \u00e0 percevoir, comprendre, utiliser ou interagir avec les contenus de notre site, n\u2019h\u00e9sitez pas \u00e0 communiquer avec nous en composant le 514-384-9681, poste 2286, ou en nous \u00e9crivant \u00e0 infocpas@cpas.scfp.qc.ca.<\/p>\n","protected":false},"author":1,"featured_media":0,"parent":0,"menu_order":0,"comment_status":"closed","ping_status":"closed","template":"","meta":{"_eb_attr":"","footnotes":""},"class_list":["post-5073","page","type-page","status-publish","hentry"],"yoast_head":"<!-- This site is optimized with the Yoast SEO Premium plugin v27.4 (Yoast SEO v27.5) - https:\/\/yoast.com\/product\/yoast-seo-premium-wordpress\/ -->\n<title>Politique d&#039;accessibilit\u00e9 - Conseil provincial des affaires sociales<\/title>\n<meta name=\"robots\" content=\"index, follow, max-snippet:-1, max-image-preview:large, max-video-preview:-1\" \/>\n<link rel=\"canonical\" href=\"https:\/\/cpas.scfp.qc.ca\/?page_id=5073\" \/>\n<meta property=\"og:locale\" content=\"fr_FR\" \/>\n<meta property=\"og:type\" content=\"article\" \/>\n<meta property=\"og:title\" content=\"Politique d&#039;accessibilit\u00e9\" \/>\n<meta property=\"og:description\" content=\"Politique d&rsquo;accessibilit\u00e9 Notre site web a \u00e9t\u00e9 con\u00e7u et d\u00e9velopp\u00e9 en tenant compte du\u00a0Standard du gouvernement du Qu\u00e9bec sur les ressources informationnelles relatif \u00e0 l\u2019accessibilit\u00e9 d\u2019un site web, connu sous l\u2019acronyme SGQRI 008-01. Il devrait fonctionner dans n\u2019importe quel navigateur, et avec n\u2019importe quel appareil capable d\u2019afficher les contenus d\u2019une page web, y compris une plage braille, une tablette \u00e9lectronique ou un t\u00e9l\u00e9phone multifonction. On peut l\u2019utiliser \u00e0 la souris, au clavier, par commande vocale ou depuis un \u00e9cran tactile. Il est extensible depuis la fonction d\u2019agrandissement int\u00e9gr\u00e9e aux principaux navigateurs grand public, et son contenu s\u2019adapte \u00e0 la taille de l\u2019\u00e9cran de l\u2019appareil utilis\u00e9. Afin de s\u2019assurer de son bon fonctionnement avec les outils d\u2019adaptation informatiques, des tests ont \u00e9t\u00e9 effectu\u00e9s avec le logiciel de revue d\u2019\u00e9cran libre et gratuit NVDA 2023.3.2. Si vous rencontrez des difficult\u00e9s \u00e0 percevoir, comprendre, utiliser ou interagir avec les contenus de notre site, n\u2019h\u00e9sitez pas \u00e0 communiquer avec nous en composant le 514-384-9681, poste 2286, ou en nous \u00e9crivant \u00e0 infocpas@cpas.scfp.qc.ca.\" \/>\n<meta property=\"og:url\" content=\"https:\/\/cpas.scfp.qc.ca\/?page_id=5073\" \/>\n<meta property=\"og:site_name\" content=\"Conseil provincial des affaires sociales\" \/>\n<meta property=\"article:publisher\" content=\"https:\/\/www.facebook.com\/cpas.scfp\" \/>\n<meta property=\"article:modified_time\" content=\"2024-02-21T20:58:06+00:00\" \/>\n<meta name=\"twitter:card\" content=\"summary_large_image\" \/>\n<meta name=\"twitter:site\" content=\"@RechercheCPAS\" \/>\n<meta name=\"twitter:label1\" content=\"Dur\u00e9e de lecture estim\u00e9e\" \/>\n\t<meta name=\"twitter:data1\" content=\"1 minute\" \/>\n<script type=\"application\/ld+json\" class=\"yoast-schema-graph\">{\"@context\":\"https:\\\/\\\/schema.org\",\"@graph\":[{\"@type\":\"WebPage\",\"@id\":\"https:\\\/\\\/cpas.scfp.qc.ca\\\/?page_id=5073\",\"url\":\"https:\\\/\\\/cpas.scfp.qc.ca\\\/?page_id=5073\",\"name\":\"Politique d'accessibilit\u00e9 - Conseil provincial des affaires sociales\",\"isPartOf\":{\"@id\":\"https:\\\/\\\/cpas.scfp.qc.ca\\\/#website\"},\"datePublished\":\"2024-01-24T19:31:32+00:00\",\"dateModified\":\"2024-02-21T20:58:06+00:00\",\"breadcrumb\":{\"@id\":\"https:\\\/\\\/cpas.scfp.qc.ca\\\/?page_id=5073#breadcrumb\"},\"inLanguage\":\"fr-FR\",\"potentialAction\":[{\"@type\":\"ReadAction\",\"target\":[\"https:\\\/\\\/cpas.scfp.qc.ca\\\/?page_id=5073\"]}]},{\"@type\":\"BreadcrumbList\",\"@id\":\"https:\\\/\\\/cpas.scfp.qc.ca\\\/?page_id=5073#breadcrumb\",\"itemListElement\":[{\"@type\":\"ListItem\",\"position\":1,\"name\":\"Accueil\",\"item\":\"https:\\\/\\\/cpas.scfp.qc.ca\\\/\"},{\"@type\":\"ListItem\",\"position\":2,\"name\":\"Politique d&#8217;accessibilit\u00e9\"}]},{\"@type\":\"WebSite\",\"@id\":\"https:\\\/\\\/cpas.scfp.qc.ca\\\/#website\",\"url\":\"https:\\\/\\\/cpas.scfp.qc.ca\\\/\",\"name\":\"Conseil provincial des affaires sociales\",\"description\":\"Du m\u00e9tier et du c\u0153ur\",\"publisher\":{\"@id\":\"https:\\\/\\\/cpas.scfp.qc.ca\\\/#organization\"},\"alternateName\":\"CPAS\",\"potentialAction\":[{\"@type\":\"SearchAction\",\"target\":{\"@type\":\"EntryPoint\",\"urlTemplate\":\"https:\\\/\\\/cpas.scfp.qc.ca\\\/?s={search_term_string}\"},\"query-input\":{\"@type\":\"PropertyValueSpecification\",\"valueRequired\":true,\"valueName\":\"search_term_string\"}}],\"inLanguage\":\"fr-FR\"},{\"@type\":\"Organization\",\"@id\":\"https:\\\/\\\/cpas.scfp.qc.ca\\\/#organization\",\"name\":\"Conseil provincial des affaires sociales\",\"alternateName\":\"CPAS\",\"url\":\"https:\\\/\\\/cpas.scfp.qc.ca\\\/\",\"logo\":{\"@type\":\"ImageObject\",\"inLanguage\":\"fr-FR\",\"@id\":\"https:\\\/\\\/cpas.scfp.qc.ca\\\/#\\\/schema\\\/logo\\\/image\\\/\",\"url\":\"https:\\\/\\\/cpas.scfp.qc.ca\\\/wp-content\\\/uploads\\\/2023\\\/12\\\/logo_cpas_horizontalsignature_rgb.png\",\"contentUrl\":\"https:\\\/\\\/cpas.scfp.qc.ca\\\/wp-content\\\/uploads\\\/2023\\\/12\\\/logo_cpas_horizontalsignature_rgb.png\",\"width\":1980,\"height\":1980,\"caption\":\"Conseil provincial des affaires sociales\"},\"image\":{\"@id\":\"https:\\\/\\\/cpas.scfp.qc.ca\\\/#\\\/schema\\\/logo\\\/image\\\/\"},\"sameAs\":[\"https:\\\/\\\/www.facebook.com\\\/cpas.scfp\",\"https:\\\/\\\/x.com\\\/RechercheCPAS\",\"https:\\\/\\\/www.instagram.com\\\/cpas_scfp\\\/\",\"https:\\\/\\\/www.linkedin.com\\\/company\\\/100101794\\\/admin\\\/feed\\\/posts\\\/\",\"https:\\\/\\\/www.threads.com\\\/@cpas_scfp\",\"https:\\\/\\\/bsky.app\\\/profile\\\/cpas-scfp.bsky.social\",\"https:\\\/\\\/www.tiktok.com\\\/@cpasscfp\"],\"description\":\"Le Conseil provincial des affaires sociales (CPAS) rassemble plus de 35 000 travailleuses et travailleurs du secteur de la sant\u00e9 et des services sociaux syndiqu\u00e9s aupr\u00e8s du Syndicat canadien de la fonction publique (SCFP).\",\"email\":\"info@scfpcpas.ca\",\"telephone\":\"4384766448\",\"legalName\":\"Conseil provincial des affaires sociales\"}]}<\/script>\n<!-- \/ Yoast SEO Premium plugin. -->","yoast_head_json":{"title":"Politique d'accessibilit\u00e9 - Conseil provincial des affaires sociales","robots":{"index":"index","follow":"follow","max-snippet":"max-snippet:-1","max-image-preview":"max-image-preview:large","max-video-preview":"max-video-preview:-1"},"canonical":"https:\/\/cpas.scfp.qc.ca\/?page_id=5073","og_locale":"fr_FR","og_type":"article","og_title":"Politique d'accessibilit\u00e9","og_description":"Politique d&rsquo;accessibilit\u00e9 Notre site web a \u00e9t\u00e9 con\u00e7u et d\u00e9velopp\u00e9 en tenant compte du\u00a0Standard du gouvernement du Qu\u00e9bec sur les ressources informationnelles relatif \u00e0 l\u2019accessibilit\u00e9 d\u2019un site web, connu sous l\u2019acronyme SGQRI 008-01. Il devrait fonctionner dans n\u2019importe quel navigateur, et avec n\u2019importe quel appareil capable d\u2019afficher les contenus d\u2019une page web, y compris une plage braille, une tablette \u00e9lectronique ou un t\u00e9l\u00e9phone multifonction. On peut l\u2019utiliser \u00e0 la souris, au clavier, par commande vocale ou depuis un \u00e9cran tactile. Il est extensible depuis la fonction d\u2019agrandissement int\u00e9gr\u00e9e aux principaux navigateurs grand public, et son contenu s\u2019adapte \u00e0 la taille de l\u2019\u00e9cran de l\u2019appareil utilis\u00e9. Afin de s\u2019assurer de son bon fonctionnement avec les outils d\u2019adaptation informatiques, des tests ont \u00e9t\u00e9 effectu\u00e9s avec le logiciel de revue d\u2019\u00e9cran libre et gratuit NVDA 2023.3.2. Si vous rencontrez des difficult\u00e9s \u00e0 percevoir, comprendre, utiliser ou interagir avec les contenus de notre site, n\u2019h\u00e9sitez pas \u00e0 communiquer avec nous en composant le 514-384-9681, poste 2286, ou en nous \u00e9crivant \u00e0 infocpas@cpas.scfp.qc.ca.","og_url":"https:\/\/cpas.scfp.qc.ca\/?page_id=5073","og_site_name":"Conseil provincial des affaires sociales","article_publisher":"https:\/\/www.facebook.com\/cpas.scfp","article_modified_time":"2024-02-21T20:58:06+00:00","twitter_card":"summary_large_image","twitter_site":"@RechercheCPAS","twitter_misc":{"Dur\u00e9e de lecture estim\u00e9e":"1 minute"},"schema":{"@context":"https:\/\/schema.org","@graph":[{"@type":"WebPage","@id":"https:\/\/cpas.scfp.qc.ca\/?page_id=5073","url":"https:\/\/cpas.scfp.qc.ca\/?page_id=5073","name":"Politique d'accessibilit\u00e9 - Conseil provincial des affaires sociales","isPartOf":{"@id":"https:\/\/cpas.scfp.qc.ca\/#website"},"datePublished":"2024-01-24T19:31:32+00:00","dateModified":"2024-02-21T20:58:06+00:00","breadcrumb":{"@id":"https:\/\/cpas.scfp.qc.ca\/?page_id=5073#breadcrumb"},"inLanguage":"fr-FR","potentialAction":[{"@type":"ReadAction","target":["https:\/\/cpas.scfp.qc.ca\/?page_id=5073"]}]},{"@type":"BreadcrumbList","@id":"https:\/\/cpas.scfp.qc.ca\/?page_id=5073#breadcrumb","itemListElement":[{"@type":"ListItem","position":1,"name":"Accueil","item":"https:\/\/cpas.scfp.qc.ca\/"},{"@type":"ListItem","position":2,"name":"Politique d&#8217;accessibilit\u00e9"}]},{"@type":"WebSite","@id":"https:\/\/cpas.scfp.qc.ca\/#website","url":"https:\/\/cpas.scfp.qc.ca\/","name":"Conseil provincial des affaires sociales","description":"Du m\u00e9tier et du c\u0153ur","publisher":{"@id":"https:\/\/cpas.scfp.qc.ca\/#organization"},"alternateName":"CPAS","potentialAction":[{"@type":"SearchAction","target":{"@type":"EntryPoint","urlTemplate":"https:\/\/cpas.scfp.qc.ca\/?s={search_term_string}"},"query-input":{"@type":"PropertyValueSpecification","valueRequired":true,"valueName":"search_term_string"}}],"inLanguage":"fr-FR"},{"@type":"Organization","@id":"https:\/\/cpas.scfp.qc.ca\/#organization","name":"Conseil provincial des affaires sociales","alternateName":"CPAS","url":"https:\/\/cpas.scfp.qc.ca\/","logo":{"@type":"ImageObject","inLanguage":"fr-FR","@id":"https:\/\/cpas.scfp.qc.ca\/#\/schema\/logo\/image\/","url":"https:\/\/cpas.scfp.qc.ca\/wp-content\/uploads\/2023\/12\/logo_cpas_horizontalsignature_rgb.png","contentUrl":"https:\/\/cpas.scfp.qc.ca\/wp-content\/uploads\/2023\/12\/logo_cpas_horizontalsignature_rgb.png","width":1980,"height":1980,"caption":"Conseil provincial des affaires sociales"},"image":{"@id":"https:\/\/cpas.scfp.qc.ca\/#\/schema\/logo\/image\/"},"sameAs":["https:\/\/www.facebook.com\/cpas.scfp","https:\/\/x.com\/RechercheCPAS","https:\/\/www.instagram.com\/cpas_scfp\/","https:\/\/www.linkedin.com\/company\/100101794\/admin\/feed\/posts\/","https:\/\/www.threads.com\/@cpas_scfp","https:\/\/bsky.app\/profile\/cpas-scfp.bsky.social","https:\/\/www.tiktok.com\/@cpasscfp"],"description":"Le Conseil provincial des affaires sociales (CPAS) rassemble plus de 35 000 travailleuses et travailleurs du secteur de la sant\u00e9 et des services sociaux syndiqu\u00e9s aupr\u00e8s du Syndicat canadien de la fonction publique (SCFP).","email":"info@scfpcpas.ca","telephone":"4384766448","legalName":"Conseil provincial des affaires sociales"}]}},"jetpack_sharing_enabled":true,"_links":{"self":[{"href":"https:\/\/cpas.scfp.qc.ca\/index.php?rest_route=\/wp\/v2\/pages\/5073","targetHints":{"allow":["GET"]}}],"collection":[{"href":"https:\/\/cpas.scfp.qc.ca\/index.php?rest_route=\/wp\/v2\/pages"}],"about":[{"href":"https:\/\/cpas.scfp.qc.ca\/index.php?rest_route=\/wp\/v2\/types\/page"}],"author":[{"embeddable":true,"href":"https:\/\/cpas.scfp.qc.ca\/index.php?rest_route=\/wp\/v2\/users\/1"}],"replies":[{"embeddable":true,"href":"https:\/\/cpas.scfp.qc.ca\/index.php?rest_route=%2Fwp%2Fv2%2Fcomments&post=5073"}],"version-history":[{"count":11,"href":"https:\/\/cpas.scfp.qc.ca\/index.php?rest_route=\/wp\/v2\/pages\/5073\/revisions"}],"predecessor-version":[{"id":5084,"href":"https:\/\/cpas.scfp.qc.ca\/index.php?rest_route=\/wp\/v2\/pages\/5073\/revisions\/5084"}],"wp:attachment":[{"href":"https:\/\/cpas.scfp.qc.ca\/index.php?rest_route=%2Fwp%2Fv2%2Fmedia&parent=5073"}],"curies":[{"name":"wp","href":"https:\/\/api.w.org\/{rel}","templated":true}]}}